en a is divided by 25.
23
Let r(j) = 17*j**2 - 71*j - 20. What is the remainder when r(-3) is divided by 14?
10
Let l be (-352)/10 + (-13)/(-65). Suppose 3*u + 6*n - n - 46 = 0, n - 38 = -3*u. What is the remainder when (-2 - -9)/((-7)/l) is divided by u?
11
Let g be 3/(-3)*(-4 + -1 - -5). Let d be 1 - -190 - (1 - g - 3). Suppose 2*t - 4*z - d = -7*z, -5 = -5*z. What is the remainder when t is divided by 16?
15
Let u(y) = 2*y + 12. Let z be u(-23). Let q(c) = 30*c**2 + 1. Calculate the remainder when q(-1) is divided by (z/32)/(11/(-44))*4.
14
Let d(b) = -b**3 - 10*b**2 + 11*b + 4. Let j be d(-11). Suppose -5*o + 73 = -a, 4*a - j = -5*o + 79. What is the remainder when 116 is divided by o?
11
Suppose -8*l = -10*l - 2*x + 68, l + 3*x = 22. What is the remainder when 23238 is divided by l?
38
Let m = 3794 - 3790. Calculate the remainder when 281 is divided by m.
1
Suppose -6 - 1 = 5*w + 2*b, -4 = -b. Calculate the remainder when 1 + 84 + w + -3 is divided by 9.
7
Let b = 6 - -10. Let c be 1 - (1 - 0) - -2. Suppose 4*t - c*h - 2*h - 676 = 0, -5*t + 3*h = -855. What is the remainder when t is divided by b?
14
Suppose -21*p = -109*p - 35*p + 45264. What is the remainder when 1091 is divided by p?
355
Let x be 3/((-6)/(-2) - 4). Let m be x*20/12*-1. Let q(z) = -z**3 + 5*z**2 + 4*z - 6. Calculate the remainder when 46 is divided by q(m).
4
Let t = 159 - 160. What is the remainder when ((-6 - -5) + t)*291/(-6) is divided by 9?
7
What is the remainder when 109 is divided by 444*(-9)/(-108) + (2 - 5)?
7
Suppose 303 = 11*h + 83. Calculate the remainder when 102 is divided by h.
2
Let g be ((-30)/(-8) + -4)*-4. Let q(s) = -15*s - 1. Let o be q(g). What is the remainder when 32 is divided by o/(-12) - (-17)/3?
4
Let a(m) = -3*m - 14. Let v(q) = -2*q - 2. Let x(i) = -a(i) - 2*v(i). Calculate the remainder when 365 is divided by x(5).
47
Let s(g) = -2*g**2 - 3*g + 5. Let h = 36 - 32. Let k be s(h). Let d = -14 - k. Calculate the remainder when 47 is divided by d.
22
Let z = 7879 + -7872. What is the remainder when 962 is divided by z?
3
Let v(h) = 49 - 9*h**3 + 31*h + 31*h**2 + 13*h**3 - 5*h**3. What is the remainder when v(32) is divided by 15?
2
Let v(l) = l**2 + 8*l + 23. Let s = 210 - 210. Calculate the remainder when 64 is divided by v(s).
18
Suppose -4*g + 4*z - 3 + 87 = 0, 42 = 2*g - z. Suppose 0 = 11855*r - 11836*r - 589. What is the remainder when r is divided by g?
10
Suppose 0 = -30*a + 22*a + 56. Suppose -2*g = a*g - 306. What is the remainder when 100 is divided by g?
32
Let c = 2969 + -2622. Calculate the remainder when c is divided by 88.
83
Calculate the remainder when 521 is divided by 7/(-8)*-268 + (-3)/6 - 2.
57
Let y be 95/20 - 3 - (-1)/4. Suppose 21 = d + y*n, 5*d - 6*d + n + 36 = 0. What is the remainder when 33 is divided by d?
2
Suppose -83*z = -36*z - 31020. Calculate the remainder when z is divided by 198.
66
Let z(c) = 3*c + 6 - 13 + 0*c - 5. Let m = -219 - -252. What is the remainder when m is divided by z(10)?
15
Let c = 16418 - 14274. What is the remainder when c is divided by 22?
10
Let t(w) = w**3 - 3*w**2 - 5*w - 9. Let d(r) = -r**3 + 6*r**2 - 9*r + 5. Let m be d(3). Calculate the remainder when 54 is divided by t(m).
6
Suppose 1766 = -28*x + 38*x - 984. Calculate the remainder when x is divided by 275.
0
Let s(o) = -o**2 - 426*o + 19. Calculate the remainder when 88 is divided by s(0).
12
Let m(g) = -2*g**3 - 128*g**2 - 117*g + 489. Let c be m(-63). Let w = 187 - 300. Let i = c - w. Calculate the remainder when i is divided by 11.
2
Let k = -103 - -209. What is the remainder when k is divided by 155/13 - 16/(-208)?
10
What is the remainder when 498 is divided by 7/((363/(-154))/(-33))?
8
Suppose 875 = 31*a - 334. Let d(u) = 14*u**2 + 8*u - 35. Calculate the remainder when d(3) is divided by a.
37
Let d(o) be the third derivative of 5*o**4/12 + 85*o**3/3 + 23*o**2 - 2*o. What is the remainder when 107 is divided by d(-16)?
7
Let d(n) = n**3 - 7*n**2 + 7*n + 2. Suppose -74 = -11*y - 8. Let u be d(y). What is the remainder when u/20 + 14/(-10) - -24 is divided by 14?
9
Suppose n = -n - 56. Let r be 1*-13 - (2 + -3). What is the remainder when 91 is divided by 3*((-89)/r + (-7)/n)?
22
Suppose -22*p + 21*p - 2*d + 271 = 0, 1395 = 5*p + 2*d. Calculate the remainder when 837 is divided by p.
275
Suppose -44*t - 491 = 10597. Let b = -243 - t. Let s = 29 + -6. What is the remainder when s is divided by b?
5
Let l = -376 - -390. Suppose -581 = -66*d + 59*d. Calculate the remainder when d is divided by l.
13
Let m(y) be the third derivative of 34*y**2 - 1/120*y**6 + 0 + 0*y + 1/12*y**4 + 1/6*y**5 - 5/3*y**3. Calculate the remainder when 18 is divided by m(10).
8
Suppose 5*q - 195 = 3*i + i, 3*i = -3*q + 117. Suppose q*s - 14*s - 275 = 0. What is the remainder when 29 is divided by s?
7
Let r = 2250 + -2142. What is the remainder when 429 is divided by r?
105
Let s be 4 - 8 - (-3 + -1). Let k be 2/(-5) + s + (-4470)/75. Let o = k + 100. What is the remainder when 79 is divided by o?
39
Suppose 5*i + 80 = -2*f, 13 = 4*f - 2*i + 149. What is the remainder when ((-448)/140)/(1/f) is divided by 23?
20
Suppose 15 = -13*b + 67. Suppose -3*q = -q - 3*k - 36, 3*k = -b*q + 90. What is the remainder when 59 is divided by q?
17
Let d(j) = 670*j + 2049. Let p = -37 + 52. Calculate the remainder when d(-3) is divided by p.
9
Let z(w) = -79*w + 1850. What is the remainder when 15659 is divided by z(21)?
188
Let a(c) = 3*c**3 + 9*c**2 + 9*c - 4. Let y(d) = 4*d**3 + 10*d**2 + 10*d - 4. Let t(p) = 3*a(p) - 2*y(p). What is the remainder when 43 is divided by t(-5)?
10
Calculate the remainder when -5 + (670 - -12) + 1 + -3 + 5 is divided by 10.
0
Let x = -35138 - -35428. What is the remainder when x is divided by 79?
53
Let c(n) be the first derivative of -n**3/3 + 5*n - 10. Let t be c(2). What is the remainder when 26 is divided by t/(5 + (-414)/84)?
12
Let l be -7 - (-13)/((-13)/(-1870)). Suppose 0 = 5*y - 28*y + l. Calculate the remainder when y is divided by 21.
18
Let x be ((-6)/(-5))/(4/(-20)). Let l = -3 - x. Suppose 12 = 4*r, 4*u + 8*r - 103 = l*r. Calculate the remainder when 105 is divided by u.
17
Let o = 38452 - 38144. What is the remainder when o is divided by 235?
73
Suppose 69*g - 21*g - 34*g - 10612 = 0. Suppose 10 = 9*f - 8*f. What is the remainder when g is divided by f?
8
Let u = 1763 + -1717. What is the remainder when 55 is divided by u?
9
Suppose 2*b = 4*w - 0*w + 112, -5*b + 269 = w. Let z(q) = -q + 11. Let s be z(9). What is the remainder when b is divided by 3 - s*(0 + (-33)/6)?
12
Let i = 2071 + -1838. What is the remainder when 11647 is divided by i?
230
Let n be (18 - 0)*24/(-48). Let p be (-1 - (1 - n)) + -7 + 10. What is the remainder when (-2)/6 - (1936/6)/p is divided by 22?
18
Suppose -1113*y = -1056*y - 88692. Calculate the remainder when y is divided by 74.
2
Let s = -3167 - -3442. What is the remainder when s is divided by 78?
41
Suppose 4*r + i = 2856, -11*i + 9*i - 2120 = -3*r. Calculate the remainder when r is divided by 13.
10
Let n be (14 - 19)/(1/(-1)). Suppose -2*x + 3*x - 2 = 0. Suppose 3*w - 318 = -5*o, 0 = -n*o + x*o + 9. What is the remainder when w is divided by 17?
16
Let c(w) = -309*w + 2249. What is the remainder when 1030 is divided by c(7)?
84
Let k = 483195 + -483104. Suppose i + 7*m = 3*m + 88, 2*m = 3*i - 334. Calculate the remainder when i is divided by k.
17
Suppose 13*b - 2286 - 3473 = 0. What is the remainder when b is divided by 52?
27
Let o(t) = -4*t**3 - 4*t**2 - 5*t - 4. Let u = -66997 + 67012. What is the remainder when o(-4) is divided by u?
13
Let y(f) = 35*f**2 + f + 3. Let n be (20/(-4 - 0) + 6)/(-1). Calculate the remainder when 81 is divided by y(n).
7
Suppose 101*k + 4*c = 106*k - 236, 0 = -k + c + 48. Let x(u) = -u**2 + 20*u + 9. What is the remainder when k is divided by x(20)?
8
Let j(q) = 227*q**2 - 1. Let a be j(1). Suppose g = a - 215. Calculate the remainder when 208 is divided by g.
10
Let v = -10970 + 11029. What is the remainder when 242 is divided by v?
6
Let m(k) = -k**3 + 14*k**2 - 12*k - 4. What is the remainder when m(12) is divided by -2 + 4/(16/92)?
14
Let y(o) be the third derivative of -3*o**4/4 - 7*o**3/6 + 6*o**2. Suppose -3*i - 13 = 8. What is the remainder 